{"id":150,"date":"2021-08-03T14:30:08","date_gmt":"2021-08-03T12:30:08","guid":{"rendered":"https:\/\/www.blick.photos\/?page_id=150"},"modified":"2023-09-01T11:09:41","modified_gmt":"2023-09-01T09:09:41","slug":"material","status":"publish","type":"page","link":"https:\/\/www.blick.photos\/?page_id=150","title":{"rendered":"Matte-rial"},"content":{"rendered":"\n<p>F\u00fcr die Technik-Nerds unter unter uns:<\/p>\n\n\n\n<p>Ich fotografiere ausschlie\u00dflich mit <strong><a rel=\"noreferrer noopener\" href=\"https:\/\/www.nikon.de\/de_DE\/\" target=\"_blank\">Nikon<\/a><\/strong>-Kameras.<br>Meine <strong><a rel=\"noreferrer noopener\" href=\"https:\/\/www.nikon.de\/de_DE\/product\/digital-cameras\/slr\/professional\/d500\" target=\"_blank\">D500<\/a><\/strong>er sind meine Arbeitstiere, meine Allrounder. Schnell, pr\u00e4zise, liegen gut in der Hand. F\u00fcr mich ist die D500 noch immer die mit Abstand beste APSC-Kamera auf dem Markt.<br>Klein, wendig und auch qualitativ weit vorne ist die <a rel=\"noreferrer noopener\" href=\"https:\/\/www.nikon.de\/de_DE\/product\/discontinued\/digital-cameras\/2018\/d5500-black\" target=\"_blank\"><strong>D5500<\/strong><\/a> zum einen meine \u201eImmer-dabei-Kamera\u201c, zum anderen macht sie schwere Tele-Objektive bei l\u00e4ngeren Events oder Wanderungen er\u201ctragbar\u201c!<\/p>\n\n\n\n<p>Ich vertraue auf <strong><a href=\"https:\/\/www.nikon.de\/de_DE\/product\/nikkor-lenses\/overview\" target=\"_blank\" rel=\"noreferrer noopener\">Nikkor<\/a><\/strong>-, <strong><a href=\"https:\/\/www.tamron.eu\/de\/\" target=\"_blank\" rel=\"noreferrer noopener\">Tamron<\/a><\/strong>&#8211; und <strong><a href=\"https:\/\/www.sigma-foto.de\" target=\"_blank\" rel=\"noreferrer noopener\">Sigma<\/a><\/strong>-Objektive verschiedener Brennweiten zwischen 10mm und 300mm.<\/p>\n\n\n\n<p>Meine Filter kommen von <strong><a rel=\"noreferrer noopener\" href=\"https:\/\/urth.co\" target=\"_blank\">Urth<\/a><\/strong> (fr\u00fcher Gobe) und ich nutze diverses Equipment, unter anderem von <a rel=\"noreferrer noopener\" style=\"font-weight: bold;\" href=\"https:\/\/www.peakdesign.com\" target=\"_blank\">Peak-Design<\/a>, <strong><a rel=\"noreferrer noopener\" href=\"https:\/\/www.3leggedthing.com\" target=\"_blank\">3-legged Thing<\/a><\/strong> und <strong><a href=\"https:\/\/www.rollei.de\" target=\"_blank\" rel=\"noreferrer noopener\">Rollei<\/a><\/strong>.<\/p>\n\n\n\n<p>Softwareseitig setze ich am Mac auf Produkte von <strong><a href=\"https:\/\/www.serif.com\/de\/\" target=\"_blank\" rel=\"noreferrer noopener\">Serif<\/a><\/strong> und <strong><a href=\"https:\/\/skylum.com\/luminar-ai-b\" target=\"_blank\" rel=\"noreferrer noopener\">Skylum<\/a><\/strong>.<\/p>\n","protected":false},"excerpt":{"rendered":"<p>F\u00fcr die Technik-Nerds unter unter uns: Ich fotografiere ausschlie\u00dflich mit Nikon-Kameras.Meine D500er sind meine Arbeitstiere, meine Allrounder. Schnell, pr\u00e4zise, liegen gut in der Hand. F\u00fcr mich ist die D500 noch immer die mit Abstand beste APSC-Kamera auf dem Markt.Klein, wendig und auch qualitativ weit vorne ist die D5500 zum einen meine \u201eImmer-dabei-Kamera\u201c, zum anderen macht&nbsp;&#8230;<\/p>\n","protected":false},"author":1,"featured_media":0,"parent":0,"menu_order":1,"comment_status":"closed","ping_status":"closed","template":"page-fullwidth-notitle.php","meta":{"footnotes":""},"class_list":["post-150","page","type-page","status-publish","hentry"],"_links":{"self":[{"href":"https:\/\/www.blick.photos\/index.php?rest_route=\/wp\/v2\/pages\/150"}],"collection":[{"href":"https:\/\/www.blick.photos\/index.php?rest_route=\/wp\/v2\/pages"}],"about":[{"href":"https:\/\/www.blick.photos\/index.php?rest_route=\/wp\/v2\/types\/page"}],"author":[{"embeddable":true,"href":"https:\/\/www.blick.photos\/index.php?rest_route=\/wp\/v2\/users\/1"}],"replies":[{"embeddable":true,"href":"https:\/\/www.blick.photos\/index.php?rest_route=%2Fwp%2Fv2%2Fcomments&post=150"}],"version-history":[{"count":11,"href":"https:\/\/www.blick.photos\/index.php?rest_route=\/wp\/v2\/pages\/150\/revisions"}],"predecessor-version":[{"id":439,"href":"https:\/\/www.blick.photos\/index.php?rest_route=\/wp\/v2\/pages\/150\/revisions\/439"}],"wp:attachment":[{"href":"https:\/\/www.blick.photos\/index.php?rest_route=%2Fwp%2Fv2%2Fmedia&parent=150"}],"curies":[{"name":"wp","href":"https:\/\/api.w.org\/{rel}","templated":true}]}}